e o(-114).
7
Let j(m) = -4840*m - 121. Give j(0).
-121
Let z(q) = -126*q**2 - 16642*q + 165. Give z(-132).
1485
Let m(f) = 26439*f - 26465. Determine m(1).
-26
Let b(c) = -458*c - 9056. Determine b(-17).
-1270
Let z(x) = -1179*x**2 + 1999*x + 3995. Determine z(-2).
-4719
Let z(m) = -3*m**2 + 158*m + 1806. Give z(-9).
141
Let f(h) = -394*h - 5203. What is f(-13)?
-81
Let o(w) = -2*w**2 + 231*w + 64678. Calculate o(-131).
95
Let o(w) = 27*w**3 - 1563*w**2 - 228*w + 3174. Determine o(58).
42
Let t(g) = -4*g**3 - 72*g**2 - 176*g + 51. What is t(-15)?
-9
Let a(g) = -g**3 + 250*g**2 + 4816*g + 2178. What is a(268)?
34
Let x(l) = -10*l**3 - 13*l**2 + 92*l - 50. What is x(5)?
-1165
Let p(y) = -7*y**3 - 2136*y**2 - 68057*y - 184. What is p(-269)?
-184
Let v(h) = 8*h**3 + 9*h**2 + 270*h - 1074. Calculate v(4).
662
Let g(d) = -2113*d**2 - 10615*d + 61. Give g(-5).
311
Let t(s) = 3519*s**2 + 190028*s + 97. Determine t(-54).
-11
Let i(t) = -3*t**3 + 57*t**2 + 43*t - 722. Determine i(18).
1024
Let j(b) = -3*b**3 + 319*b**2 - 2978*b + 195. Determine j(96).
3
Let v(f) = 86*f**2 - 776*f - 2331. Calculate v(-3).
771
Let a(h) = 16175*h + 7731638. Calculate a(-478).
-12
Let u(q) = 512*q + 14331. Determine u(-29).
-517
Let w(f) = -f**3 - 78*f**2 - 1328*f + 80. Calculate w(-26).
-544
Let f(m) = -3*m**2 - 626*m + 25420. Calculate f(35).
-165
Let d(r) = r**2 + 3029*r - 795104. What is d(243)?
-8
Let d(v) = -56*v**2 + 69227*v - 13599. Determine d(1236).
-3
Let c(r) = r**3 + 15*r**2 + 6675*r - 76567. Determine c(11).
4
Let u(h) = 41*h**2 - 606*h - 1002. Calculate u(18).
1374
Let c(a) = 352619*a + 7052374. Calculate c(-20).
-6
Let b(s) = -103*s**2 + 422*s - 43. Determine b(4).
-3
Let u(i) = 49445*i + 494534. Determine u(-10).
84
Let o(y) = y**3 + 83*y**2 + 1561*y - 19. What is o(-54)?
251
Let p(v) = 177*v + 10659. Calculate p(-59).
216
Let f(k) = 2*k**3 + 186*k**2 + 4149*k + 171. Give f(-37).
-14
Let g(j) = 99830*j - 399320. What is g(4)?
0
Let i(b) = 12*b**2 + 8081*b - 284918. Determine i(-707).
3
Let b(h) = 409*h - 111307. Calculate b(272).
-59
Let q(b) = b**3 - 375*b**2 - 3045*b + 220. Determine q(-8).
68
Let l(o) = -72*o + 2554. Calculate l(45).
-686
Let f(p) = -p**2 + 27714*p - 581529. Determine f(21).
24
Let v(a) = -a**3 - 366*a**2 - 4247*a + 392. Calculate v(-354).
38
Let n(v) = 194*v + 2100. Calculate n(-13).
-422
Let i(s) = -s**3 + 52*s**2 + 202*s + 1252. Calculate i(56).
20
Let x(o) = 2*o**2 + 2459*o + 380429. Determine x(-1048).
5
Let u(r) = -2716*r - 1277. Give u(0).
-1277
Let z(v) = -10*v**3 - 20*v**2 - 918*v - 1756. Calculate z(-2).
80
Let d(m) = 53*m**2 - 3269*m - 4120. Give d(63).
290
Let k(g) = 26*g**2 - 729*g - 688. Give k(31).
1699
Let n(d) = 2*d**3 - 35*d**2 + 80*d + 462. What is n(13)?
-19
Let x(j) = -j**2 + 42*j + 763. Calculate x(63).
-560
Let w(s) = -s**2 + 1621*s - 394258. Determine w(298).
-4
Let b(y) = 1470*y - 29244. Give b(21).
1626
Let v(x) = 708688*x - 9212942. Give v(13).
2
Let g(x) = -268*x - 20601. Calculate g(-77).
35
Let o(j) = -4466*j + 210240. What is o(47)?
338
Let h(z) = 789*z + 26098. Calculate h(-31).
1639
Let g(y) = -8618*y - 43059. What is g(-5)?
31
Let u(d) = 16*d**3 - 56*d**2 - 278*d + 5. Determine u(-5).
-2005
Let w(r) = 4*r**3 + 16*r**2 + 21*r - 83. Determine w(4).
513
Let v(u) = -9*u**3 - 110*u**2 - 91*u - 895. Determine v(-12).
-91
Let x(n) = 9*n**3 - 4*n**2 + 16798*n - 16796. What is x(1)?
7
Let y(b) = 5*b**3 + 714*b**2 + 564*b - 574. What is y(-142)?
-6
Let o(b) = -449140*b + 6. Determine o(0).
6
Let h(q) = 52745*q + 1160384. Determine h(-22).
-6
Let o(d) = -670*d - 189583. Calculate o(-283).
27
Let m(j) = 20*j**2 + 136*j + 33. Calculate m(-7).
61
Let k(t) = 167*t**2 - 34588*t + 3922. What is k(207)?
-11
Let q(r) = 2*r**3 - 50*r**2 + 283*r + 3. What is q(8)?
91
Let d(a) = 2*a**3 - 29*a**2 - 188*a + 440. Determine d(-9).
-1675
Let h(u) = u**3 - 22*u**2 + 3101*u - 48063. What is h(16)?
17
Let f(r) = -577*r**2 + 831457*r + 25. What is f(1441)?
25
Let k(v) = 8234*v + 222322. What is k(-27)?
4
Let n(m) = -34*m**2 - 1079*m - 3548. What is n(-28)?
8
Let r(f) = 10*f**2 - 1175*f + 30822. What is r(78)?
12
Let u(v) = 420*v + 4102. Calculate u(-10).
-98
Let k(q) = -10484*q - 31490. Give k(-3).
-38
Let j(o) = 3592*o + 1153022. Calculate j(-321).
-10
Let b(x) = 4*x**3 - 11*x**2 + 31*x - 141. Calculate b(4).
63
Let w(y) = -27*y**2 + 54*y + 5256. What is w(-13)?
-9
Let n(j) = 5679*j - 56787. What is n(10)?
3
Let s(r) = -68818*r - 68855. What is s(-1)?
-37
Let u(v) = -v**3 + 356*v**2 + 2539*v + 706. What is u(363)?
-20
Let w(s) = -s**2 - 9*s + 4960. Calculate w(-74).
150
Let n(s) = 12*s**2 - 1208*s + 20774. Give n(22).
6
Let c(l) = l**3 + 46*l**2 - 448*l + 530. What is c(7)?
-9
Let v(c) = c**3 + 2*c**2 + 13*c - 53. Give v(13).
2651
Let g(u) = 2*u**3 + 25*u**2 + 3*u - 460. Calculate g(-6).
-10
Let v(j) = 16*j**3 + 2261*j**2 + 796*j + 12837. Calculate v(-141).
6
Let p(c) = 2*c**3 - 35*c**2 - 632*c - 55. Calculate p(-11).
0
Let r(j) = -73*j**2 - 2479*j + 94. What is r(-34)?
-8
Let i(c) = -122*c + 3351. Determine i(15).
1521
Let n(d) = 102*d**3 - 505*d**2 - 11*d + 1. Calculate n(5).
71
Let v(w) = -w**2 - 112555*w - 2025665. Calculate v(-18).
1
Let p(s) = s**3 + 123*s**2 - 125*s - 132. Give p(-124).
-8
Let t(i) = -32*i**2 + 2581*i - 1619. Determine t(80).
61
Let t(q) = -182*q + 10076. Give t(52).
612
Let h(j) = -12959*j - 65561. Determine h(-5).
-766
Let m(p) = 7*p**2 - 5118*p - 272581. What is m(781)?
-12
Let r(d) = d**2 + 39*d - 557. Determine r(-46).
-235
Let t(z) = 10*z**3 - 139*z**2 + 479*z - 220. Calculate t(3).
236
Let j(d) = 3*d**3 - 240*d**2 - 2679*d + 3562. Give j(-11).
-2
Let l(m) = m**3 + 25*m**2 + 183*m + 9999. What is l(-30)?
9
Let x(y) = -2*y**2 - 7629*y + 394319. Give x(51).
38
Let i(g) = 2*g**2 - 237*g - 11124. Determine i(-36).
0
Let k(d) = -d**3 - 7*d**2 + 73*d + 198. Determine k(7).
23
Let g(m) = -m**2 + 3876*m - 57896. What is g(15)?
19
Let y(j) = -j**3 - 1813*j**2 - 35858*j + 20. Determine y(-20).
-20
Let s(m) = 33*m**3 - 913*m**2 - 328*m - 266. Calculate s(28).
-826
Let h(v) = -179*v - 47021. Determine h(-261).
-302
Let u(g) = -25*g - 177. Calculate u(-13).
148
Let g(y) = -48*y**2 - 7610*y - 4117. Calculate g(-158).
-9
Let g(p) = p**3 + 28*p**2 - 19961*p + 1082. Give g(-156).
-10
Let c(p) = -p**2 + 175*p - 706. Determine c(4).
-22
Let g(h) = -370*h + 32791. What is g(91)?
-879
Let b(n) = -474*n + 20899. Determine b(44).
43
Let r(u) = -u**2 - 97131*u - 4174766. Calculate r(-43).
18
Let p(z) = -4*z**3 - 22*z**2 - 50*z - 43. Calculate p(-8).
997
Let p(g) = -5*g**3 + 87*g**2 + 47*g - 445. Determine p(19).
-2440
Let n(j) = -1197578*j - 17963665. Calculate n(-15).
5
Let f(b) = 3669*b - 18593. What is f(5)?
-248
Let m(q) = 8*q**3 - 332*q**2 - 128*q - 590. Determine m(42).
1090
Let i(j) = -22716*j + 340691. Calculate i(15).
-49
Let f(g) = g**3 - 84*g**2 + 246*g + 508. What is f(81)?
751
Let f(h) = -73946*h + 295822. Give f(4).
38
Let p(o) = 2933*o + 17731. Determine p(-6).
133
Let r(g) = g**2 - 80*g - 6328. Calculate r(-39).
-1687
Let u(d) = 1991*d - 43794. What is u(22)?
8
Let i(x) = -493*x**2 + 2503*x - 29. Calculate i(6).
-2759
Let w(i) = -3*i**3 - 12*i**2 - 54*i + 8. What is w(-4)?
224
Let q(i) = 11*i**2 - 2061*i - 6164. What is q(-3)?
118
Let y(t) = -t**3 - 44*t**2 + 886*t + 54. Determine y(-59).
-5
Let o(z) = -2*z**3 + 137*z**2 - 688*z - 314. Determine o(63).
1
Let t(d) = -2*d**2 - 689*d - 8858. Determine t(-13).
-239
Let p(m) = m**2 + 12037*m - 1557115. Determine p(128).
5
Let o(n) = -2*n**3 + 1041*n**2 - 5167*n - 90. Give o(5).
-150
Let n(o) = -639*o - 23784. What is n(-42)?
3054
Let j(a) = -6*a**2 - 997*a - 16905. Calculate j(-147).
0
Let v(s) = 2765*s - 201951. Calculate v(73).
-106
Let u(n) = -57*n**2 - 7308*n - 1704. Determine u(-128).
-168
Let j(w) = 4830*w + 5504. Determine j(-1).
674
Let q(v) = -285*v - 5556. What is q(-19)?
-141
Let t(u) = -45*u - 231. Give t(-2).
-141
Let w(l) = -22252*l - 823329. What is w(-37)?
-5
Let a(i) = 14*i**2 + 146*i - 2778. Calculate a(18).
4386
Let n(j) = -j**2 + 20680*j - 3262841. Determine n(159).
-2
Let c(k) = 2331*k + 123311. Determine c(-53).
-232
Let o(m) = -9090*m - 381751. Determine o(-42).
29
Let p(u) = 350*u**2 - 5632*u + 510. Calculate p(16).
-2
Let c(w) = 469*w - 